 a(-5). Let g(m) = -m**2 + 3*m**2 + m**3 - 3*m - 1 - 2*m. Calculate g(c).
-13
Let u(f) = -f**3 - 6*f**2 + 6*f - 7. Suppose 9 = -2*h - 5*t, 0 = 3*h - 5*t + 5 + 21. Give u(h).
0
Suppose 0 = -5*z + r - 4*r - 32, 2*z = 3*r + 4. Let y(l) = -l**2 - 5*l - 4. Give y(z).
0
Let s(t) be the third derivative of t**8/6720 + t**7/630 + t**6/240 + t**4/6 - 5*t**2. Let g(v) be the second derivative of s(v). Give g(-3).
0
Let m(h) = -h**2 + 14*h + 19. Let v be m(15). Let s(t) = -t**3 + 3*t**2 + 5*t + 2. Calculate s(v).
6
Let m(f) = f. Let o(y) = -3*y - 1. Let w(q) = -8*m(q) - 3*o(q). Let x = 13 + -18. Give w(x).
-2
Let k(g) = -2*g**2 + 2*g + 1. Suppose -a - 2 = -o, -5*a + o - 1 + 11 = 0. Give k(a).
-11
Let s(o) be the second derivative of o**4/4 + 5*o**3/3 + 3*o**2/2 - 8*o. Let u(m) = -m**2 - 3*m - 1. Let n(r) = 4*s(r) + 11*u(r). What is n(-6)?
-5
Let y(s) = -2 + 3 - 4*s**2 + 5*s + 5*s**2. Calculate y(-4).
-3
Let k = -7 + 8. Let l(b) = 31*b + k + b**2 - 2 - 34*b. Give l(3).
-1
Suppose -2*g - 33 = -27. Let k(d) = 6*d + 9. Let b(x) = 7*x + 10. Let i(p) = 5*b(p) - 6*k(p). Determine i(g).
-1
Let c(l) = -2*l**3 + 2*l**2 + l + 2. Let f(z) = -2*z**3 + 2*z**2 + z + 2. Let u(m) = 2*c(m) - 3*f(m). Let p = -2 + 4. Determine u(p).
4
Let h(c) = -2*c - 1. Let p(s) = -s**3 + 4*s**2 + 12*s - 3. Let v be p(6). Calculate h(v).
5
Let g(b) = -b**2 + 5*b - 6. Let c = 39 + -35. Calculate g(c).
-2
Suppose 5*i - 5*h = 2*i - 17, 2*h = 5*i + 22. Let j(v) = -v**3 - 3*v**2 + 5*v. Give j(i).
-4
Suppose -r - 9 - 3 = 5*z, -4*r = 5*z + 3. Let s(c) = c - 2. Determine s(r).
1
Let s(t) = 3*t + 81. Let o be s(-25). Let g(z) be the third derivative of 0*z + 1/120*z**o + 0 - 2*z**2 - 1/24*z**4 + 0*z**3 + 1/12*z**5. Calculate g(-5).
5
Let p(n) = n - 13. Suppose 0 = 7*w + 3*w - 90. Give p(w).
-4
Let n be 7 + -4 + (-2)/(-2). Suppose -n*i + 6 = -2*i. Let b(p) = -p**3 + 2*p**2 - p - 1. Give b(i).
-13
Let d(l) = l - 3. Let h = 7 + -5. Suppose -h*b + 11 = o + 5, 2 = 3*o - 2*b. Determine d(o).
-1
Let y(f) = -33*f**2 + 1. Let h(r) = -r**2 - r + 1. Let g be h(-2). Determine y(g).
-32
Let r(u) = -5*u + u + 7*u + 2 + 4*u**2 - 5*u**2. Calculate r(4).
-2
Let u(j) be the first derivative of -j**4/4 - 4*j**3/3 - 3*j - 3. What is u(-4)?
-3
Let b(g) = 5*g - 20*g + 12*g + 13 + 4*g. Calculate b(-9).
4
Let o(z) be the third derivative of z**6/120 - z**5/12 - 5*z**3/6 - 5*z**2. Give o(5).
-5
Let w(m) be the second derivative of -m**3/6 - m**2/2 + 5*m. Calculate w(2).
-3
Let d(f) = 3 + 1 + 3*f + 2 - 2*f. Give d(-5).
1
Suppose -10 = -4*m + 14. Suppose 2*w = -2 + m. Let j(s) = -s**2 - 5*s - 4. Let n(y) = y**2 + 4*y + 3. Let k(d) = w*j(d) + 3*n(d). What is k(-1)?
0
Let d(j) = 2*j - 1. Suppose 112 = c + 3*c. Let b be 2/(-7) - 160/c. Let l(v) = -v**3 - 7*v**2 - 6*v + 4. Let u be l(b). What is d(u)?
7
Let u(h) be the first derivative of -h**3/3 + h**2/2 + 3*h + 2. Let g = -1 + 16. Suppose -6*r = -r + g. Give u(r).
-9
Let x = 8 + -6. Let l(b) = -4*b**3 + b**x + 4*b**3 + 6*b**3. What is l(1)?
7
Let t(z) = 4*z**2 + 4*z**2 + 12 - 11*z - 7*z**2. Let j be t(10). Let b(s) = j*s**2 + 4*s**2 - 4*s**2 - 1 + 2*s - s**2. Determine b(1).
2
Let k(w) = -w**2 + w - 1. Let d(h) = 2*h**2 - 16*h + 2. Let z(i) = -d(i) - 5*k(i). Let f(x) = x**2 + x + 1. Let c(r) = -4*f(r) + z(r). Calculate c(6).
5
Let a(z) = -2*z - 2. Let y = 24 + -26. Let p(q) = -q**2 - 3*q - 4. Let h be p(y). What is a(h)?
2
Let t be (-1)/(-4)*-1*-20. Let m(v) = 4*v**2 - 4 + 7*v - 3 - 2*v - v**3 + 1. Give m(t).
-6
Let c(g) be the first derivative of -g**6/360 - g**5/24 - g**4/4 + 2*g**3/3 - 3. Let i(w) be the third derivative of c(w). Determine i(-5).
-6
Let n be ((-8 - -9) + 0 + 1)*-2. Let b(j) = j**2 + j - 2. What is b(n)?
10
Suppose 0 = 8*p - 37 + 53. Suppose 2*l + 2*l = 16. Let o(m) = 0*m + l*m - 3 - 6*m. Give o(p).
1
Suppose -2*f + 4*x + 4 = -4, -3*f + 5 = x. Suppose -f - 6 = -u - 5*q, 4 = 4*q. Let w(n) be the second derivative of n**4/12 - n**3/3 + 2*n. Calculate w(u).
3
Let h(j) = -j**3 + 3*j**2 - 4*j + 2. Let c be 9 + (-6)/(-4 - -2). Suppose 5*a + 3*m - 6*m = -2, -c = -4*a - m. Suppose -2*r = -r - a. Calculate h(r).
-2
Suppose 4*d = 2*d + 10. Suppose -d*g + 14 = 4. Let i(r) = 2 + 3*r + r**2 + 1 - g*r. Determine i(0).
3
Let r(a) = a**3 + 5*a**2 - 6*a + 6. Let g = 13 + -8. Suppose b = t - 0*t - g, -t = 5*b + 31. Determine r(b).
6
Suppose -2*g = -7*g. Suppose 3*t - 3*r = -g + 3, -3*r - 3 = 5*t. Let n(y) = -y**2 + 7. Calculate n(t).
7
Let y(v) = -v**3 - v**2 - 19. Suppose 46*w = 43*w. Give y(w).
-19
Let z(s) = 7*s**3 - s + 6. Let y(w) = -6*w**3 - w**2 - 5. Let o(t) = 6*y(t) + 5*z(t). Calculate o(-4).
-12
Let t(l) = -7*l**2. Let o(i) = i. Let x(m) = -o(m) - t(m). Determine x(1).
6
Let r(p) be the second derivative of -p**5/20 + p**3/6 - p. Let u be (-2 - (3 - 5)) + -3. Let w(o) = -o - 4. Let m be w(u). What is r(m)?
0
Let i be ((-5)/(-2) - 2)*2. Let o(n) be the first derivative of 5*n**2/2 + 1. What is o(i)?
5
Suppose 4*b - b + 3*p - 15 = 0, 3*b - 5*p + 25 = 0. Let q(d) be the first derivative of -d**2/2 + 4*d - 1. Give q(b).
4
Let z(x) be the second derivative of -x**6/360 - x**5/120 + x**4/4 + 5*x**3/3 + 2*x. Let g(f) be the second derivative of z(f). Give g(0).
6
Let n(s) = 2*s**2 + 3*s - 4. Let g be n(-3). Let v(y) = 2 + y - 8 - 2. Calculate v(g).
-3
Suppose -3 = -2*x + 3*l, 0 = -2*x + 4*x + l + 1. Let v(b) = b**2 + b - 6. Calculate v(x).
-6
Suppose -4*s - 8 = -2*v - 0*s, -2*s = 3*v + 4. Let w(l) be the first derivative of l**4/4 + l**3/3 + l**2/2 + 4*l - 1. Give w(v).
4
Let i(h) = 0*h - 1 + 2*h - h**2 + 2*h**2 + h**2. Let u be (1 + 1)*(3 - 2). Determine i(u).
11
Let z(r) = r**2 + 5*r - 2. Suppose 0 = g - 0*g + 4. Give z(g).
-6
Let s(a) = -a**2 - 6*a + 5. Let l(m) = -m**2 - 3*m + 2. Let n(t) = -5*l(t) + 2*s(t). Give n(-2).
6
Let c(g) = 3*g**2 - 28*g + 12. Let w be c(9). Let d(x) = x**3 - 3*x**2 + x. What is d(w)?
3
Let l(v) = -7*v**3 - 23*v**2 + 15*v - 6. Let j(u) = 4*u**3 + 12*u**2 - 7*u + 3. Let y(q) = -5*j(q) - 3*l(q). Determine y(-10).
3
Suppose 0*v + 3*u + 11 = 2*v, -2*v + 9 = -u. Let w(y) = -y**3 + 5*y**2 - 5*y + 4. Give w(v).
0
Suppose 3*d = -2*d + 15. Let j(i) = 0*i**d - 4 - i**3 + 6*i**2 + i - 4. Let f = 11 + -5. Determine j(f).
-2
Let q(j) = j**2 + 25. Let s = 5 + -5. Let a be q(s). Suppose -4*u - a = v, -u = 3*u + 4*v + 28. Let i(k) = -k - 5. Calculate i(u).
1
Let b(l) = l. Suppose 4*v + 3 = 2*c + 5, 2*v - 2*c - 4 = 0. Determine b(v).
-1
Let m(j) = j + 3. Let r(p) = -p**3 + 4*p**2 + 6*p - 3. Suppose 5*v - 20 = 5. Let g be r(v). Suppose -2*x - g*x = 8. Calculate m(x).
1
Suppose 2 = 4*i + 6. Let b(v) be the third derivative of -5/24*v**4 - v**2 + 0*v + 0*v**3 + 0. Determine b(i).
5
Let z(d) = 4*d**2 + 2*d - 1. Let j be z(1). Let b(r) = -r - 1 + 1 + j + 0. Calculate b(-4).
9
Let z(i) = -i - 2. Let f be z(-7). Suppose -2*j = 3*h + 2, -f*h - 1 - 9 = 5*j. Let d(g) = 6*g + 0*g + 5 - 4*g. Determine d(j).
-3
Let u(y) = y**3 + 2*y**2 - 5*y - 4. Let l be u(-3). Suppose -k - m - 2 = -l*m, -10 = -5*m. Let z(o) = o**3 + o**2 - o - 5. Determine z(k).
-5
Let h(b) = -3*b - 1 + 9*b**2 + 2*b + 3*b. Determine h(1).
10
Let w(g) = -g + 3. Let c = 17 + -13. What is w(c)?
-1
Suppose 0*g - 2*g = -4. Let q(h) = -h**2 - h - 1. Determine q(g).
-7
Let y(o) be the third derivative of o**9/60480 - o**8/5040 + o**7/1008 - o**6/180 - o**5/10 - 6*o**2. Let u(x) be the third derivative of y(x). What is u(3)?
2
Let p(c) be the first derivative of 1/4*c**4 + 3*c**2 + 8/3*c**3 - 3*c - 1. Determine p(-7).
4
Let d(b) = 2*b**3 - 10*b**2 - b + 15. Suppose 24 = 3*u + v - 4*v, 3*u = 2*v + 22. Let x(w) = w**3 - 5*w**2 - w + 7. Let r(s) = u*d(s) - 13*x(s). Calculate r(6).
5
Let f(t) = -3*t**2 - 2*t - 9. Let l(u) = u**2 + u + 3. Let j(h) = -3*f(h) - 8*l(h). Give j(3).
6
Let j = 58 - 52. Let q(k) = -k**3 + 5*k**2 + 7*k + 5. What is q(j)?
11
Let u(o) = o**2 + o - 2. Suppose -13 = -5*s - q - 2*q, -4*s + 5*q = -3. Suppose 5*p - 2*z = 2, z - 7 - 1 = -s*p. Suppose -p*x = x. Give u(x).
-2
Let s(t) = -t - 2. Let j be s(-3). Let w(x) be the second derivative of -3*x**5/5 - x**4/6 + x**3/6 - x + 21. Determine w(j).
-13
Suppose -r + 6 = r. Suppose -4*l - 4*t = 0, -l + t = l - 6. Let a(q) = -1 + 2 - 7 + l*q - r*q. Give a(0).
-6
Suppose -4*t = -3*r - 23, -2*r = t + 4*t - 23. Let l(a) = 0*a + 0*a + a**2 + 3 - 5*a. 